by (0 - 1 - h) + 13?
4
Suppose -b + 0*x = 5*x - 5, -10 = -2*b - 3*x. Let y = 1018 + -940. What is the remainder when y is divided by 30/2 + (b - 4)?
14
Let d(a) = 12*a - 1080. What is the remainder when 327 is divided by d(97)?
75
Let b = -4 + 15. Suppose -5*v - 2*g + 940 = -5*g, g - 752 = -4*v. Suppose 0 = b*q - 7*q - v. Calculate the remainder when q is divided by 7.
5
What is the remainder when 852 is divided by (2/8)/((-8)/(-832)) - -1?
15
Suppose 3*g + 0*c + c - 51 = 0, -2*c - 96 = -5*g. Let j(i) = -34*i - 416. Let m be j(-12). Calculate the remainder when 8 + 32/m - -49 is divided by g.
17
Let j(r) = 22*r - 3. Let a be j(5). Let n(d) = -d**2 + 14*d - 6. Let o be n(11). What is the remainder when 9/o + a/3 is divided by 10?
6
Let d = 4560 + -4434. What is the remainder when d is divided by 99?
27
Let r(a) = -2*a**2 + 85*a + 170. Let y be r(44). Suppose 3*i - 4*m - y = 0, 0*i = -4*i - 2*m + 36. What is the remainder when i is divided by 6?
4
Let n = 35215 - 35141. Calculate the remainder when 366 is divided by n.
70
Let f(g) = -g**2 - 9*g - 5. Let o be f(-3). What is the remainder when o/(2 + (-114)/60) is divided by 44?
42
Let a be 12/15 + 1368/(-10). Let x = a - -149. Let o = 120 - 57. Calculate the remainder when o is divided by x.
11
Let c(t) = t**2 - 119*t - 201. Suppose -2*m + 2 + 40 = 0. Let x = m + -10. What is the remainder when c(121) is divided by x?
8
Let x be (9/(-6) - 614/(-4))*1. Let u = 181 - x. What is the remainder when u is divided by 9?
2
Let u(n) = 74*n + 68*n + 65*n + 2*n**2 + 10*n**3 + 71*n - 279*n. Let r(o) = -o - 5. Let g be r(-6). Calculate the remainder when u(g) is divided by 7.
4
Let s(v) = -1020*v + 4255. What is the remainder when s(4) is divided by 41?
11
Let d(l) = -11*l + 5 + 9 - 63 + 21. Calculate the remainder when 46 is divided by d(-4).
14
Let z(s) be the second derivative of -s**4/12 - 20*s**3/3 + 17*s**2 + 243*s. Calculate the remainder when z(-26) is divided by 67.
63
Let d(c) = c**3 + 61*c**2 - 400*c + 186. What is the remainder when 203 is divided by d(-67)?
47
Suppose 470 = 5*q - 3*s, 5*q + 135 = -3*s + 605. Let c = -82 + q. Calculate the remainder when 3/(-15) - 116/(-5) is divided by c.
11
Let y(v) = -v**2 - 11*v - 7. Suppose 0*d = -7*d + 336. What is the remainder when 100/(-6)*d/(-40) is divided by y(-9)?
9
Let n be -5*4/30 - 22/(-6). Let v(c) = 24*c - 20*c**2 + 14*c + c**n - 19*c + 27 + 0*c**2. What is the remainder when 77 is divided by v(19)?
23
Suppose 2*k - 3 = -v, -4*k + 60 = 109*v - 113*v. Calculate the remainder when 578 is divided by k.
2
Suppose -2609 - 658 = -s + 2*u, 5*s + 5*u - 16320 = 0. What is the remainder when s is divided by 466?
3
Suppose 94*m = 99*m + 4*s - 30313, 4*s - 28 = 0. What is the remainder when m is divided by 29?
25
Suppose 11*n = 12*n - 48. Suppose -n = -22*w + 20*w. What is the remainder when 46 is divided by w?
22
Let s be ((-5)/5 - 1*-4) + -2. Let z(o) = 285*o**3 - 6*o + 5. Calculate the remainder when z(s) is divided by 73.
65
Let l(j) = -j**2 - 5*j - 38. Let w be l(-7). Let k = -50 - w. Calculate the remainder when k/3 - (-1995)/45 is divided by 8.
5
Let q(v) = 60*v + 555. What is the remainder when q(4) is divided by 7?
4
Let i = 1948 - 1875. What is the remainder when 1010 is divided by i?
61
Let r(i) = 3*i + 8. Let u(b) = -4*b - 7. Let l(h) = 3*r(h) + 2*u(h). Let k be l(-9). What is the remainder when 6*k/(-2) - -69 is divided by 17?
15
Suppose -814 = 144*m - 5566. Calculate the remainder when 653 is divided by m.
26
Suppose 0 = 117*u - 321*u + 283560. Calculate the remainder when u is divided by 36.
22
Let g = 1568 - 1432. What is the remainder when 3395 is divided by g?
131
Let x(h) = -34*h**3 + 13*h + 2. Calculate the remainder when x(-2) is divided by 56.
24
Let g(r) = r**2 - 7*r - 585. What is the remainder when 4609 is divided by g(-24)?
157
Let f(y) = 5*y**2 - 2*y + 1. Suppose -8 = o + 3*d, 5*d - d + 8 = 0. Calculate the remainder when (4/4)/(o/(-10)) + 43 is divided by f(2).
14
Suppose -5*o + 86 = 21. Let h(p) = 10 + 7*p**2 - 70 + 8*p**2 - 16*p**2 - 20*p. Calculate the remainder when h(-12) is divided by o.
10
Let u(q) = q**3 - 42*q**2 + 8*q - 331. Suppose 5*v + 4*o = -0*v + 164, -4*o = -4*v + 160. What is the remainder when v is divided by u(42)?
1
Let s = -10081 - -10121. Let l(j) = -j**3 + 8*j**2 + 9*j + 5. What is the remainder when l(7) is divided by s?
37
Suppose 5957 - 6067 = -11*z + z. Let k = -80 - -131. What is the remainder when k is divided by z?
7
Suppose 0 = 2*c - 14 + 10. Suppose 4*o + 34 = c*v, -5*v + 2*v + 39 = -3*o. Let h = 7 + v. Calculate the remainder when 46 is divided by h.
14
Let w(l) = -3*l**2 - 18*l + 74. What is the remainder when 134 is divided by w(-8)?
4
Let h be (-1 + 6/(-1))*19. Suppose -2*u + y + 114 = 23, 4*u + 2*y - 186 = 0. What is the remainder when -1*(h - (4 + 0)) is divided by u?
45
Let i = 3651 + -3642. What is the remainder when 215 is divided by i?
8
Suppose -j + c = 24 - 18, -2*c + 13 = -3*j. Let s(d) = 122*d**2 - 2*d - 3. What is the remainder when s(j) is divided by 28?
9
Suppose 506*d - 508*d = -4. Suppose 0 = d*c - 156 - 232. What is the remainder when c is divided by 50?
44
Suppose -8*c + 6*c + 1798 = -3*s, 5*c = 5*s + 4505. What is the remainder when c is divided by 9?
5
What is the remainder when 236 + (27/18 - (-44)/(-8)) is divided by 16?
8
Suppose 0*o = -3*c - o - 841, c + 5*o = -299. Let a = 335 + c. What is the remainder when 447 is divided by a?
55
Let w = 283 - 278. Suppose 5*l - w*y = 105, -10 = -2*y + 4*y. What is the remainder when 1 - 0 - 231/(-3) is divided by l?
14
Suppose -d + 312 = 5*x - 91, 4*d + 68 = x. Suppose -81 = -3*q + 3*p + 33, -x = -2*q + 3*p. Calculate the remainder when 92 is divided by q.
24
Let q(k) = -k**3 + 22*k**2 - 128*k + 265. Calculate the remainder when 421 is divided by q(14).
11
Suppose -28*w + 189 + 343 = 0. Let h = -13 + 21. Let b(d) = 6*d + 6. Calculate the remainder when b(h) is divided by w.
16
Suppose -13 = 3*a - 3*w - 55, 8 = -4*w. Suppose 515 = 3*z - 385. Suppose -291*b = -z*b + 279. Calculate the remainder when b is divided by a.
7
Let k(d) = d + 12. Suppose -f = j - 7, -3*f + j + j = -11. Let h be (-27)/f + (-24)/40. What is the remainder when 38 is divided by k(h)?
2
What is the remainder when ((-45)/(-12)*(-10)/25)/((-81)/25650) is divided by 152?
19
Suppose 0 = -5*l + 3*i + 944, -2*l + 5*i = -419 + 30. Suppose 10*w = -w + l. Let a(s) = 4*s - 6. What is the remainder when w is divided by a(4)?
7
What is the remainder when 1176 is divided by ((-118)/(-5))/(27/135)?
114
Suppose 0 = 4*l - 0*f + 3*f + 15, 3*l - 5*f = -33. Let a be (1 + 15/l)/(15/20). Calculate the remainder when ((-771)/(-15) - a/(-5))/1 is divided by 13.
12
Suppose 5*l + l - 360 = 0. Suppose q + 8*o = 3*o + 183, -4*q + 690 = -o. What is the remainder when q is divided by l?
53
Let i = -9 - -12. Suppose -i*n - n = -32. Suppose 96 = -4*t + n*t. What is the remainder when 68 is divided by t?
20
Suppose y + 58 = -5*w, -7 = -4*y + 1. Let g be (-575)/(-138) + (26/w - -2). Suppose -21*n + 2210 = -g*n. Calculate the remainder when n is divided by 19.
16
Suppose -117*o - 3511 = -383*o + 3671. Calculate the remainder when 291 is divided by o.
21
Let z = 13177 - 13014. What is the remainder when 1782 is divided by z?
152
Suppose -8 - 18 = 13*s. What is the remainder when 31 is divided by (-24)/(-6) + 5 + s?
3
Suppose 3*c - 2*x = 6*c - 667, 2*c - 5*x - 489 = 0. Calculate the remainder when 450 is divided by c.
223
Let w be -3 + (-250)/8 - (-9)/36. Suppose -2*u - 30 = -4*u. Calculate the remainder when (4 + (-9 - w))*4/2 is divided by u.
13
What is the remainder when (16568/(-32))/(-19) + (7/4 - 1) is divided by 17?
11
Suppose 4*z + 876 = 4*p, 2*p - 4801 + 4398 = -3*z. Calculate the remainder when 421 is divided by p.
209
Let s = -43 - -104. Suppose 3*z - s = -l + z, -3*l + 183 = z. Let w(o) = -3*o + 1. Calculate the remainder when l is divided by w(-5).
13
Let f = -18171 - -18482. What is the remainder when f is divided by 239?
72
Suppose -3*q + 4*x = 416 - 429, -76 = -4*q - 2*x. Calculate the remainder when 11892 is divided by q.
12
Let t = -3652 - -3673. What is the remainder when 80 is divided by t?
17
Suppose -3*d - 43 = 17. Let h be (-4)/d + 48/10. Suppose 476 = 9*n + h*n. Calculate t